ime number?
False
Is 1949 composite?
False
Is 4629 composite?
True
Is 27043 a prime number?
True
Is 46077 composite?
True
Is 11071 composite?
False
Is 17531 prime?
False
Is 3493 composite?
True
Is 218765 a prime number?
False
Is 118097 a prime number?
False
Is 127001 prime?
False
Is 104771 a prime number?
False
Is 122813 prime?
False
Is 3137 prime?
True
Is 38111 a prime number?
False
Is 206993 a composite number?
False
Is 1171 prime?
True
Is 3424381 a prime number?
True
Is 238711 composite?
True
Is 215374 a prime number?
False
Is 14981 prime?
False
Is 508729 a composite number?
True
Is 21259 a prime number?
False
Is 36997 a composite number?
False
Is 634241 prime?
True
Is 102047 a composite number?
True
Is 36541 a prime number?
True
Is 525787 a composite number?
True
Is 164881 a composite number?
False
Is 37003 prime?
True
Is 31279 a composite number?
True
Is 11311 a composite number?
False
Is 560497 a prime number?
False
Is 55889 a prime number?
True
Is 1631 prime?
False
Is 26458 a prime number?
False
Is 14999 prime?
False
Is 18041 prime?
True
Is 191669 prime?
True
Is 676703 composite?
False
Is 66733 composite?
False
Is 11401 a prime number?
False
Is 220939 prime?
True
Is 3209 composite?
False
Is 58021 prime?
False
Is 71705 composite?
True
Is 83333 composite?
True
Is 306673 a composite number?
True
Is 9643 composite?
False
Is 483317 a composite number?
False
Is 96661 a prime number?
True
Is 24593 composite?
False
Is 24499 composite?
False
Is 399695 a composite number?
True
Is 7979 a prime number?
False
Is 599231 composite?
False
Is 1373 composite?
False
Is 152717 composite?
False
Is 18301 composite?
False
Is 58337 a prime number?
True
Is 29615 a prime number?
False
Is 1323671 a composite number?
True
Is 3595 a composite number?
True
Is 105895 prime?
False
Is 691211 a prime number?
False
Is 74411 a composite number?
False
Is 30757 composite?
False
Is 9511 a prime number?
True
Is 188983 a composite number?
False
Is 36523 a prime number?
True
Is 277847 prime?
True
Is 5389 prime?
False
Is 24587 a prime number?
False
Is 106565 prime?
False
Is 12197 composite?
False
Is 799039 a composite number?
True
Is 44197 composite?
True
Is 470579 a prime number?
True
Is 226101 a composite number?
True
Is 165289 composite?
True
Is 18713 a composite number?
False
Is 1583999 composite?
False
Is 727 prime?
True
Is 14281 a composite number?
False
Is 63823 prime?
True
Is 3091 composite?
True
Is 55135 composite?
True
Is 10969 composite?
True
Is 142481 a prime number?
False
Is 100003 prime?
True
Is 53426 composite?
True
Is 44857 a composite number?
True
Is 5509 composite?
True
Is 5131 a prime number?
False
Is 4663 a composite number?
False
Is 1574009 a composite number?
False
Is 1929 a composite number?
True
Is 13859 a prime number?
True
Is 1267 prime?
False
Is 209767 a composite number?
False
Is 75593 prime?
False
Is 7981 a composite number?
True
Is 876543 composite?
True
Is 34933 a composite number?
True
Is 1021017 a composite number?
True
Is 68879 composite?
False
Is 186797 a prime number?
False
Is 78901 prime?
True
Is 35702 a composite number?
True
Is 4033 a prime number?
False
Is 45283 composite?
True
Is 2264323 a composite number?
True
Is 144023 prime?
False
Is 2195 composite?
True
Is 80329 a prime number?
True
Is 636047 a prime number?
False
Is 61861 composite?
False
Is 21839 a prime number?
True
Is 776393 composite?
True
Is 62029 a prime number?
False
Is 143053 prime?
True
Is 15671 a composite number?
False
Is 6037 a composite number?
False
Is 483005 prime?
False
Is 22637 composite?
False
Is 2317433 a composite number?
False
Is 1049 composite?
False
Is 211993 a prime number?
False
Is 20477 composite?
False
Is 399509 prime?
False
Is 584839 prime?
False
Is 445849 prime?
False
Is 37793 a composite number?
True
Is 1444441 prime?
True
Is 59999 a prime number?
True
Is 249017 a prime number?
True
Is 247 composite?
True
Is 6288229 prime?
True
Is 38669 a composite number?
False
Is 19718 composite?
True
Is 521137 composite?
False
Is 160421 prime?
False
Is 61231 a prime number?
True
Is 440434 a composite number?
True
Is 17373 composite?
True
Is 149042 a prime number?
False
Is 31271 composite?
False
Is 967 a prime number?
True
Is 155131 a composite number?
True
Is 65249 composite?
True
Is 105449 a prime number?
True
Is 16949 a prime number?
False
Is 717467 composite?
True
Is 27397 prime?
True
Is 139589 prime?
True
Is 80369 a prime number?
True
Is 4289 a composite number?
False
Is 72019 a composite number?
False
Is 270281 a composite number?
True
Is 41353 prime?
False
Is 4387 composite?
True
Is 72194 prime?
False
Is 178306 composite?
True
Is 805919 prime?
False
Is 29663 a prime number?
True
Is 334793 prime?
True
Is 985723 composite?
False
Is 6407 composite?
True
Is 109693 composite?
True
Is 310501 composite?
False
Is 171887 a prime number?
False
Is 8286441 prime?
False
Is 5399 composite?
False
Is 55477 prime?
False
Is 14969 a prime number?
True
Is 58997 prime?
True
Is 319 a prime number?
False
Is 21673 a composite number?
False
Is 42281 a composite number?
False
Is 1250477 a composite number?
True
Is 28933 prime?
True
Is 59387 prime?
True
Is 59855 a composite number?
True
Is 31187 composite?
True
Is 176569 a prime number?
False
Is 11197 a prime number?
True
Is 49981 composite?
True
Is 99971 a prime number?
True
Is 30029 prime?
True
Is 38899 prime?
False
Is 9793 a composite number?
True
Is 167 a prime number?
True
Is 1006847 composite?
False
Is 20719 a composite number?
False
Is 143133 prime?
False
Is 961294 composite?
True
Is 2153 prime?
True
Is 96137 prime?
True
Is 24901 a prime number?
False
Is 78581 prime?
False
Is 428243 a prime number?
False
Is 106423 a composite number?
True
Is 753229 prime?
True
Is 34717 a prime number?
False
Is 4109 prime?
False
Is 12149 prime?
True
Is 211034 prime?
False
Is 4759 composite?
False
Is 743657 a prime number?
True
Is 4763 a prime number?
False
Is 46327 a prime number?
True
Is 237746 composite?
True
Is 769 prime?
True
Is 46471 a composite number?
False
Is 4739 composite?
True
Is 5557 prime?
True
Is 15089 composite?
True
Is 10007 a composite number?
False
Is 53321 prime?
False
Is 38039 composite?
False
Is 22943 composite?
False
Is 29779 prime?
False
Is 1583 prime?
True
Is 853 composite?
False
Is 5435 a prime number?
False
Is 39049 prime?
False
Is 429329 composite?
False
Is 3491 composite?
False
Is 376127 a prime number?
True
Is 4897 a composite number?
True
Is 77705 a prime number?
False
Is 403031 a composite number?
True
Is 209 a composite number?
True
Is 2933 a prime number?
False
Is 854351 prime?
True
Is 43661 a composite number?
False
Is 245339 a composite number?
False
Is 23783 a prime number?
False
Is 8609 prime?
True
Is 4777 composite?
True
Is 5351 prime?
True
Is 211049 a prime number?
True
Is 289057 a composite number?
True
Is 39539 a composite number?
True
Is 61081 a composite number?
True
Is 198089 composite?
True
Is 136921 composite?
True
Is 120521 prime?
False
Is 33393 composite?
True
Is 187727 a prime number?
False
Is 3833 composite?
False
Is 46171 composite?
False
Is 5303 a prime number?
True
Is 2298203 composite?
False
Is 1121 a composite number?
True
Is 359939 composite?
True
Is 31669 a prime number?
False
Is 63697 a prime number?
True
Is 499 a composite number?
False
Is 3653 a composite number?
True
Is 27611 prime?
True
Is 1234 prime?
False
Is 167111 composite?
True
Is 643222 a prime number?
False
Is 2108243 a composite number?
False
Is 44839 a prime number?
True
Is 18653 composite?
True
Is 5279 a composite number?
False
Is 1973 prime?
True
Is 271399 composite?
True
Is 19547 composite?
True
Is 8329 composite?
False
Is 18113 a prime number?
False
Is 56731 prime?
True
Is 18919 composite?
False
Is 23509 composite?
False
Is 200579 a prime number?
True
Is 9773 prime?
False
Is 244317 a prime number?
False
Is 3701261 a prime number?
False
Is 283201 a prime number?
False
Is 268123 composite?
False
Is 86511 prime?
False
Is 18301 composite?
False
Is 4509209 prime?
True
Is 6022 prime?
False
Is 5774 a prime number?
False
Is 4703 composite?
False
Is 848983 composite?
False
Is 3043 prime?
False
Is 89751 a prime number?
False
Is 19517 a composite number?
True
Is 860573 composite?
True
Is 278981 composite?
False
Is 622203 composite